w(m) = -35*m - 910. Give w(-25).
-35
Let b(o) = 215*o - 750. Calculate b(3).
-105
Let k(w) = 14*w - 482. Calculate k(37).
36
Let r(s) = 42*s - 447. What is r(10)?
-27
Let m(q) = q**3 + 16*q**2 - 13*q + 838. What is m(-19)?
2
Let l(f) = -15*f - 459. What is l(-28)?
-39
Let z(a) = -a**3 - 8*a**2 - 16*a - 39. Calculate z(-3).
-36
Let n(j) = j**2 - 59*j + 801. What is n(46)?
203
Let w(t) = -t**2 - 7*t + 15. Give w(-3).
27
Let v(j) = 10*j - 13. Determine v(-7).
-83
Let x(q) = q**3 - 7*q**2 - 61*q + 51. Calculate x(12).
39
Let v(c) = -57*c**2 + 19*c + 57. Give v(-3).
-513
Let f(q) = q**3 - 10*q**2 - 84*q + 833. Determine f(10).
-7
Let p(x) = -11*x**2 + 1968*x + 197. What is p(179)?
18
Let r(w) = 4*w**3 - 33*w**2 + 69*w - 12. Give r(5).
8
Let d(u) = -u**3 - 43*u**2 - 14*u - 2234. Calculate d(-44).
318
Let k(p) = -p**3 + 27*p**2 - 19*p + 62. What is k(25)?
837
Let i(z) = z**2 - 5*z - 301. Determine i(17).
-97
Let x(t) = -30*t**2 + 21*t. Give x(-3).
-333
Let k(l) = l**2 + l - 814. Give k(28).
-2
Let w(b) = 2*b**2 - 4422*b + 8845. Determine w(2).
9
Let t(d) = 24*d**3 - 5*d**2 + 5*d + 1. Calculate t(1).
25
Let a(f) = 156*f**2 - 453*f - 16. Determine a(3).
29
Let r(m) = -2825*m - 50860. Calculate r(-18).
-10
Let q(d) = -2*d**3 + 5*d**2 - 4*d - 3. Give q(0).
-3
Let l(x) = x**3 - 56*x**2 + 3*x + 334. What is l(56)?
502
Let l(y) = -6*y**2 - 10*y + 109. Give l(-10).
-391
Let g(u) = 2*u**3 - 45*u**2 + 17*u + 108. What is g(22)?
-2
Let o(c) = c**3 - 8*c**2 - 139*c - 77. What is o(-8)?
11
Let p(v) = -v**3 - 35*v**2 + 1674*v - 3. Determine p(-62).
-3
Let s(b) = -b**3 - 37*b**2 + 363*b + 59. Give s(-45).
-76
Let w(g) = -1229*g - 20889. What is w(-17)?
4
Let q(a) = 50*a - 2790. What is q(56)?
10
Let k(s) = 34*s + 217. Give k(-12).
-191
Let p(j) = 4*j**3 - 5*j**2 - 192*j - 366. Determine p(-2).
-34
Let y(x) = 210*x - 23509. What is y(112)?
11
Let c(t) = -t**3 + 5*t**2 + t + 34. Calculate c(7).
-57
Let q(s) = s**2 + 118*s + 1560. Determine q(-19).
-321
Let q(b) = 19*b + 29. Determine q(-8).
-123
Let z(f) = f**3 + 38*f**2 + 119*f - 6. Calculate z(-4).
62
Let b(u) = 79*u - 115. Give b(7).
438
Let s(r) = 7*r**2 + 101*r + 25. Calculate s(-14).
-17
Let o(y) = 18*y - 130. Determine o(-8).
-274
Let l(f) = -70*f - 500. Determine l(-8).
60
Let i(w) = w**3 - 3*w**2 + 104*w - 324. Calculate i(3).
-12
Let c(b) = 9*b**3 + 6*b**2 + 157*b + 150. What is c(-1)?
-10
Let o(y) = -2*y**2 + 13*y + 76. Calculate o(-4).
-8
Let l(w) = -w**3 - 40*w**2 + 815*w + 153. Calculate l(15).
3
Let h(r) = r**2 - 23*r + 95. What is h(16)?
-17
Let k(s) = s**3 - 60*s**2 + 281*s - 333. Give k(55).
-3
Let v(t) = -3*t**2 + 664*t - 20903. Determine v(38).
-3
Let z(u) = 21*u**2 - 144*u - 2. Determine z(8).
190
Let n(u) = -11*u - 305. Calculate n(-31).
36
Let z(d) = 3*d**3 - 353*d**2 + 247*d - 1518. Calculate z(117).
3
Let p(i) = 15*i**2 - 559*i - 952. Determine p(39).
62
Let w(q) = 9*q**3 + 2*q**2 + 69*q + 194. Determine w(-3).
-238
Let u(o) = 430*o + 49034. Determine u(-114).
14
Let v(z) = -z**2 + 315*z + 1265. Calculate v(319).
-11
Let f(d) = -d**2 + 8*d - 6. Give f(16).
-134
Let r(i) = -7*i**3 + 8*i**2 + 13*i + 37. What is r(-4)?
561
Let m(f) = -2*f**2 + 176*f + 9914. Give m(127).
8
Let h(p) = -26*p + 145. Calculate h(7).
-37
Let q(s) = -147*s - 7501. Determine q(-51).
-4
Let p(r) = 6*r**3 + 120*r**2 - 15*r - 31. Give p(-20).
269
Let q(z) = -95*z + 979. Calculate q(10).
29
Let c(k) = -247*k - 2466. Determine c(-10).
4
Let f(h) = h**2 - 59*h + 162. Determine f(56).
-6
Let c(n) = -36*n + 905. Determine c(25).
5
Let p(u) = -10579*u + 63474. What is p(6)?
0
Let h(l) = -l**3 + 15*l**2 - 150*l + 992. What is h(10)?
-8
Let h(g) = 6*g + 84. Determine h(-13).
6
Let z(c) = c**3 - 2*c**2 + 5*c + 7. What is z(-2)?
-19
Let k(r) = 2*r**2 - 58*r + 16. What is k(27)?
-92
Let w(q) = 2*q**2 - 101*q + 704. Calculate w(42).
-10
Let r(y) = 338*y + 21959. What is r(-65)?
-11
Let j(h) = h**2 - 13*h + 9. What is j(13)?
9
Let w(f) = 502*f - 1013. Calculate w(2).
-9
Let z(g) = 28*g**2 + 14*g + 79. Determine z(-4).
471
Let v(n) = n**3 - 75*n**2 - 160*n + 435. Give v(77).
-27
Let w(a) = 7*a**2 + 7*a + 9. What is w(-5)?
149
Let i(s) = s**3 + 9*s**2 + 23*s + 81. Calculate i(-5).
66
Let m(n) = -397*n - 4343. Give m(-11).
24
Let n(k) = -k**3 + 34*k**2 - 4*k - 978. Give n(33).
-21
Let s(f) = -32*f**2 - 6526*f + 373. What is s(-204)?
-35
Let j(l) = 64*l + 12. What is j(-7)?
-436
Let d(b) = 11*b**2 - 529*b + 43. What is d(48)?
-5
Let f(g) = 271*g - 1908. Determine f(7).
-11
Let v(u) = 230*u - 30823. What is v(134)?
-3
Let j(l) = 2*l**2 - 79*l - 376. Determine j(44).
20
Let t(o) = -635*o - 1913. Calculate t(-3).
-8
Let r(z) = -12*z + 598. Calculate r(53).
-38
Let o(x) = 615*x - 614. Give o(1).
1
Let p(z) = 117*z + 3978. Determine p(-34).
0
Let b(p) = -2*p**3 + 21*p**2 + 43*p - 356. What is b(11)?
-4
Let h(z) = -8*z**3 - 135*z**2 + 23*z + 100. Calculate h(-17).
-2
Let d(b) = -692*b**2 - 2076*b + 7. Calculate d(-3).
7
Let v(x) = -9*x**2 - 21*x - 63. Calculate v(-3).
-81
Let q(i) = 4*i - 34. Determine q(13).
18
Let u(h) = -6*h**2 + 839*h + 2733. What is u(143)?
16
Let o(j) = -3*j - 99. What is o(-36)?
9
Let u(h) = h**3 - 26*h**2 + 93*h - 543. Give u(23).
9
Let v(b) = -35*b**2 + 70*b + 209. Calculate v(-3).
-316
Let g(p) = -3*p**2 - 26*p + 96. Calculate g(4).
-56
Let k(p) = -7*p + 156. Determine k(24).
-12
Let i(v) = 102*v - 210. Determine i(2).
-6
Let m(p) = -3*p**2 + 135*p + 271. What is m(48)?
-161
Let j(t) = t**3 + 8*t**2 - 233*t + 121. What is j(-20)?
-19
Let z(q) = q**2 - 44*q + 79. Determine z(37).
-180
Let p(f) = -f**2 + 217*f + 3033. What is p(-13)?
43
Let w(x) = x**3 - 6*x**2 + 8*x + 49. Determine w(-2).
1
Let k(m) = -m**2 + 881*m + 57458. Give k(-61).
-4
Let s(q) = 2*q + 51. Give s(23).
97
Let l(f) = 21*f + 216. What is l(-13)?
-57
Let t(d) = 20*d + 223. What is t(-14)?
-57
Let q(x) = -105*x - 88. Determine q(-1).
17
Let d(m) = 45*m**2 + 2004*m + 1060. What is d(-44)?
4
Let a(n) = n**3 - 25*n**2 + 34*n - 219. Give a(24).
21
Let o(v) = 3*v**2 + 11*v + 5. Give o(-8).
109
Let z(d) = d**2 + 74*d - 2108. Determine z(22).
4
Let u(l) = l**3 - 18*l**2 - 72*l + 176. Calculate u(21).
-13
Let l(s) = -2*s**3 - 87*s**2 - 28*s + 674. What is l(-43)?
29
Let b(i) = 8*i - 145. Calculate b(32).
111
Let s(l) = -2*l**2 + 333*l + 16517. Calculate s(-40).
-3
Let t(d) = 7*d**2 + 19*d - 140. Give t(-15).
1150
Let q(d) = 15848*d - 79240. What is q(5)?
0
Let b(j) = j**3 - 9*j**2 - 9*j - 82. Give b(11).
61
Let g(p) = 5*p**2 - 37*p + 110. Calculate g(7).
96
Let s(k) = -3*k**3 - 21*k**2 - 21*k - 14. Determine s(-6).
4
Let z(y) = 176*y + 586. Determine z(-3).
58
Let w(r) = -r**2 + 343*r + 1376. What is w(-4)?
-12
Let c(y) = 3*y**2 + 181*y + 110. Determine c(-60).
50
Let g(l) = 64*l + 2195. What is g(-38)?
-237
Let a(d) = 935*d + 54226. What is a(-58)?
-4
Let j(g) = 3*g**3 - 35*g**2 + 17*g + 40. Calculate j(11).
-15
Let f(g) = -g**3 + 4*g**2 - 814*g + 5851. Give f(7).
6
Let f(c) = -74*c - 3477. Determine f(-47).
1
Let g(s) = -s**3 - 163*s**2 - 5519*s + 107. Give g(-115).
-8
Let f(p) = 15*p**2 + 161*p - 28. Give f(-11).
16
Let z(b) = 355*b - 1805. What is z(5)?
-30
Let p(f) = -f**2 - 131*f - 4192. Determine p(-75).
8
Let z(t) = 1664*t - 8343. Give z(5).
-23
Let c(h) = 2*h**3 + 13*h**2 - 73*h - 260. Calculate c(-9).
-8
Let i(m) = 2*m**3 + 102*m**2 + 109*m + 269. What is i(-50)?
-181
Let a(d) = -d**2 - 58*d + 1168. Calculate a(15).
73
Let t(h) = -5*h**2 - 83*h - 344. Determine t(-9).
-2
Let o(p) = -p**2 - 96*p - 777. Calculate o(-9).
6
Let b(w) = -185*w + 176. Determine b(1).
-9
Let h(w) = -31*w**3 - 22*w**2 - 13*w - 1. What is h(-1)?
21
Let s(w) = 41*w - 480. Give s(12).
12
Let m(y) = 4*y**2 - 21*y - 36. Determine m(-9).
477
Let q(c) = c**3 - 12*c**2 - 18*c + 53. Determine q(13).
-12
Let p(t) = 79*t - 30. Determine p(5).
365
Let s(q) = 1429*q - 24279. Calculate s(17).
14
Let m(v) = 2*v**3 + 10*v**2 - 15*v + 10. Calculate m(-5).
85
Let l(j) = -2*j**2 - 71*j + 274. Calculate l(-39).
1
Let b(f) = 1456*f + 20395. Give b(-14).
11
Let s(m) = 12*m - 14. Determine s(13).
142
Let j(m) = -99*m + 241. Determine j(3).
-56
Let a(i) = -i**3 + 37*i**2 - 4*i + 107. Give a(37).
-41
Let l(p) = p**3 + 4*p**2 - 27*p - 56. Determine l(-2).
6
Let o(a) = -664*a - 1714. What is o(-3)?
